{"id":78,"date":"2011-02-09T21:20:20","date_gmt":"2011-02-09T21:20:20","guid":{"rendered":"http:\/\/www.xn--erzhler-7wa.net\/?page_id=78"},"modified":"2021-04-02T11:38:19","modified_gmt":"2021-04-02T11:38:19","slug":"impressum","status":"publish","type":"page","link":"https:\/\/www.xn--erzhler-7wa.net\/?page_id=78","title":{"rendered":"Impressum"},"content":{"rendered":"<p>Dieser Blog ist ein Angebot, das ausschlie\u00dflich privaten Zwecken dient und keine Auswirkung auf den Markt hat. Es hat den Anspruch zu informieren und zu unterhalten. Somit dient dieser Blog keinem kommerziellen Zweck und wird ausschlie\u00dflich als Hobby gef\u00fchrt.<\/p>\n<p><span style=\"font-size: 15.6px; line-height: 23px;\"><strong>Erkl\u00e4rung<\/strong><\/span><\/p>\n<p>Mit Urteil vom 12. Mai 1998 &#8211; 312 O 85\/98 &#8211; &#8222;Haftung f\u00fcr Links&#8220; hat das Landgericht (LG) in Hamburg entschieden, dass man durch die Anbringung eines Links die Inhalte der gelinkten Seite ggf. mit zu verantworten hat. Dies kann &#8211; so das LG &#8211; nur dadurch verhindert werden, indem man sich ausdr\u00fccklich von diesen Inhalten distanziert.<\/p>\n<p><span style=\"font-size: 15.6px; line-height: 23px;\">Hiermit distanziere ich mich ausdr\u00fccklich von allen Inhalten aller gelinkten Seiten auf meinem Weblog. Diese Erkl\u00e4rung gilt f\u00fcr alle auf meinem Blog angebrachten Links.<\/span><\/p>\n<p><span style=\"font-size: 15.6px;\">Ich betone ausdr\u00fccklich, dass von mir keinerlei Einflussnahme auf die Gestaltung und die Inhalte der gelinkten Seiten genommen wird. Ich \u00fcbernehme daher keinerlei Haftung in Hinsicht auf rechtsextreme, kinderpornografische oder sonstige kriminelle Inhalte.<\/span><\/p>\n<p><span style=\"font-size: 15.6px;\">Ich bitte darum, mich auf derartige Links hinzuweisen, damit ich diese sofort l\u00f6schen und eventuell zur Anzeige bringen kann.<\/span><\/p>\n<p><span style=\"font-size: 15.6px;\">Eine Verletzung von Schutzrechten Dritter oder eine Situation, die eine Aufforderung per anwaltlicher Abmahnung motivieren k\u00f6nnte, entspricht nicht dem mutma\u00dflichen oder gar tats\u00e4chlichen Willen des Betreibers dieses Weblogs. In jedem Fall sichere ich die sofortige Behebung der Verletzung zu. Kosten einer Abmahnung oder einer anwaltlichen Beratung kann ich daher als offenkundig mi\u00dfbr\u00e4uchlich nicht \u00fcbernehmen.<\/span><\/p>\n<p><span style=\"font-size: 15.6px;\">Sollte diese Website eingetragene Warenzeichen, Handelsnamen oder Gebrauchsnamen verwenden, so gelten die entsprechenden Schutzbestimmungen auch dann, wenn diese nicht als solche gekennzeichnet sind.<\/span><\/p>\n<p><span style=\"font-size: 15.6px; line-height: 23px;\"><strong>Urheberrecht<\/strong><\/span><\/p>\n<p>Vervielf\u00e4ltigung, Bearbeitung, Verbreitung und jede Art der Verwertung, die dem deutschen Urheberecht zuwiderl\u00e4uft, bed\u00fcrfen meiner schriftlichen Zustimmung. Lediglich die Herstellung von Kopien und Downloads f\u00fcr den pers\u00f6nlichen, privaten und nicht kommerziellen Gebrauch ist erlaubt.<\/p>\n<p>Links zu meinem Blog sind jederzeit willkommen und d\u00fcrfen ohne meine Zustimmung gesetzt werden.<\/p>\n<p>Die Darstellung dieses Blogs in fremden Frames ist nur mit Erlaubnis zul\u00e4ssig.<\/p>\n<p><strong>Verfahrenshinweis<\/strong><\/p>\n<p><span style=\"font-size: 15.6px;\">Wer sich auf den Schlips getreten oder falsch oder unzul\u00e4ssig wiedergegeben f\u00fchlt, der bem\u00fche nicht gleich seinen Anwalt, sondern sein e-mail-Programm mit einem freundlichen Korrekturwunsch, dem dann nach sachlicher Pr\u00fcfung umgehend freundlich entsprochen wird.<\/span><\/p>\n<p><strong>Kontakt<\/strong>: sven-boettcher2020@protonmail.com<\/p>\n<p><strong>Datenschutz:\u00a0<\/strong><strong>Cookies und Meldungen zu Zugriffszahlen<\/strong><\/p>\n<p>Auf dieser Seite werden \u201eSession-Cookies\u201c der VG Wort, M\u00fcnchen, zur Messung von Zugriffen auf Texten eingesetzt, um die Kopierwahrscheinlichkeit zu erfassen. Session-Cookies sind kleine Informationseinheiten, die ein Anbieter im Arbeitsspeicher des Computers des Besuchers speichert. In einem Session-Cookie wird eine zuf\u00e4llig erzeugte eindeutige Identifikationsnummer abgelegt, eine sogenannte Session-ID. Au\u00dferdem enth\u00e4lt ein Cookie die Angabe \u00fcber seine Herkunft und die Speicherfrist. Session-Cookies k\u00f6nnen keine anderen Daten speichern. Diese Messungen werden von der INFOnline GmbH nach dem Skalierbaren Zentralen Messverfahren (SZM) durchgef\u00fchrt. Sie helfen dabei, die Kopierwahrscheinlichkeit einzelner Texte zur Verg\u00fctung von gesetzlichen Anspr\u00fcchen von Autoren und Verlagen zu ermitteln. Wir erfassen keine personenbezogenen Daten \u00fcber Cookies.<\/p>\n<p>Viele unserer Seiten sind mit JavaScript-Aufrufen versehen, \u00fcber die wir die Zugriffe an die Verwertungsgesellschaft Wort (VG Wort) melden. Wir erm\u00f6glichen damit, dass unsere Autoren an den Aussch\u00fcttungen der VG Wort partizipieren, die die gesetzliche Verg\u00fctung f\u00fcr die Nutzungen urheberrechtlich gesch\u00fctzter Werke gem. \u00a7 53 UrhG sicherstellen.<\/p>\n<p>Eine Nutzung unserer Angebote ist auch ohne Cookies m\u00f6glich. Die meisten Browser sind so eingestellt, dass sie Cookies automatisch akzeptieren. Sie k\u00f6nnen das Speichern von Cookies jedoch deaktivieren oder Ihren Browser so einstellen, dass er Sie benachrichtigt, sobald Cookies gesendet werden.<\/p>\n<p><strong>Datenschutzerkl\u00e4rung zur Nutzung des Skalierbaren Zentralen Messverfahrens<\/strong><\/p>\n<p>Unsere Website und unser mobiles Webangebot nutzen das \u201eSkalierbare Zentrale Messverfahren\u201c (SZM) der INFOnline GmbH (https:\/\/www.infonline.de) f\u00fcr die Ermittlung statistischer Kennwerte zur Ermittlung der Kopierwahrscheinlichkeit von Texten.<\/p>\n<p>Dabei werden anonyme Messwerte erhoben. Die Zugriffszahlenmessung verwendet zur Wiedererkennung von Computersystemen alternativ ein Session-Cookie oder eine Signatur, die aus verschiedenen automatisch \u00fcbertragenen Informationen Ihres Browsers erstellt wird. IP-Adressen werden nur in anonymisierter Form verarbeitet.<\/p>\n<p>Das Verfahren wurde unter der Beachtung des Datenschutzes entwickelt. Einziges Ziel des Verfahrens ist es, die Kopierwahrscheinlichkeit einzelner Texte zu ermitteln.<\/p>\n<p>Zu keinem Zeitpunkt werden einzelne Nutzer identifiziert. Ihre Identit\u00e4t bleibt immer gesch\u00fctzt. Sie erhalten \u00fcber das System keine Werbung.<\/p>\n<p><strong>Kontakt<\/strong>: sven-boettcher2020@protonmail.com<\/p>\n","protected":false},"excerpt":{"rendered":"<p>Dieser Blog ist ein Angebot, das ausschlie\u00dflich privaten Zwecken dient und keine Auswirkung auf den Markt hat. Es hat den Anspruch zu informieren und zu unterhalten. Somit dient dieser Blog keinem kommerziellen Zweck und wird ausschlie\u00dflich als Hobby gef\u00fchrt. Erkl\u00e4rung &hellip; <a href=\"https:\/\/www.xn--erzhler-7wa.net\/?page_id=78\">Weiterlesen <span class=\"meta-nav\">&rarr;<\/span><\/a><\/p>\n","protected":false},"author":1,"featured_media":0,"parent":0,"menu_order":0,"comment_status":"closed","ping_status":"closed","template":"","meta":{"footnotes":""},"_links":{"self":[{"href":"https:\/\/www.xn--erzhler-7wa.net\/index.php?rest_route=\/wp\/v2\/pages\/78"}],"collection":[{"href":"https:\/\/www.xn--erzhler-7wa.net\/index.php?rest_route=\/wp\/v2\/pages"}],"about":[{"href":"https:\/\/www.xn--erzhler-7wa.net\/index.php?rest_route=\/wp\/v2\/types\/page"}],"author":[{"embeddable":true,"href":"https:\/\/www.xn--erzhler-7wa.net\/index.php?rest_route=\/wp\/v2\/users\/1"}],"replies":[{"embeddable":true,"href":"https:\/\/www.xn--erzhler-7wa.net\/index.php?rest_route=%2Fwp%2Fv2%2Fcomments&post=78"}],"version-history":[{"count":10,"href":"https:\/\/www.xn--erzhler-7wa.net\/index.php?rest_route=\/wp\/v2\/pages\/78\/revisions"}],"predecessor-version":[{"id":2549,"href":"https:\/\/www.xn--erzhler-7wa.net\/index.php?rest_route=\/wp\/v2\/pages\/78\/revisions\/2549"}],"wp:attachment":[{"href":"https:\/\/www.xn--erzhler-7wa.net\/index.php?rest_route=%2Fwp%2Fv2%2Fmedia&parent=78"}],"curies":[{"name":"wp","href":"https:\/\/api.w.org\/{rel}","templated":true}]}}