{"id":2,"date":"2011-02-10T16:23:33","date_gmt":"2011-02-10T16:23:33","guid":{"rendered":"http:\/\/www.xn--erzhler-7wa.net\/?page_id=2"},"modified":"2011-02-10T21:34:25","modified_gmt":"2011-02-10T21:34:25","slug":"eine-seite","status":"publish","type":"page","link":"https:\/\/www.xn--erzhler-7wa.net\/?page_id=2","title":{"rendered":"The Truth Shall Make You Free"},"content":{"rendered":"<p>&#8230; raunen unisono Bibel und CIA-Eingangshalle, in Stein gemei\u00dfelt, also muss es stimmen. Zweitens gelten die Schlag- und t\u00e4glichen Suchworte <em>Carpe diem<\/em> sowie <em>Memento mori<\/em>, und zuletzt gilt: Nur durch unsere Geschichten ergibt das Leben einen Sinn, n\u00e4mlich den, den wir ihm geben. Damit ist dann auch schon so gut wie alles genannt, was diesen Blog zusammenh\u00e4lt: die Liebe zu Erkenntnis und Wahrheit, eine Portion Mitgef\u00fchl sowie die Freude an der m\u00f6glichst gut erdachten, erf\u00fchlten und erz\u00e4hlten Story.<\/p>\n<p>Die erg\u00e4nzenden Aversionen stehen nicht nur zwischen den Zeilen, sondern meistens mitten drin.<\/p>\n","protected":false},"excerpt":{"rendered":"<p>&#8230; raunen unisono Bibel und CIA-Eingangshalle, in Stein gemei\u00dfelt, also muss es stimmen. Zweitens gelten die Schlag- und t\u00e4glichen Suchworte Carpe diem sowie Memento mori, und zuletzt gilt: Nur durch unsere Geschichten ergibt das Leben einen Sinn, n\u00e4mlich den, den &hellip; <a href=\"https:\/\/www.xn--erzhler-7wa.net\/?page_id=2\">Weiterlesen <span class=\"meta-nav\">&rarr;<\/span><\/a><\/p>\n","protected":false},"author":1,"featured_media":0,"parent":0,"menu_order":0,"comment_status":"closed","ping_status":"closed","template":"","meta":{"footnotes":""},"_links":{"self":[{"href":"https:\/\/www.xn--erzhler-7wa.net\/index.php?rest_route=\/wp\/v2\/pages\/2"}],"collection":[{"href":"https:\/\/www.xn--erzhler-7wa.net\/index.php?rest_route=\/wp\/v2\/pages"}],"about":[{"href":"https:\/\/www.xn--erzhler-7wa.net\/index.php?rest_route=\/wp\/v2\/types\/page"}],"author":[{"embeddable":true,"href":"https:\/\/www.xn--erzhler-7wa.net\/index.php?rest_route=\/wp\/v2\/users\/1"}],"replies":[{"embeddable":true,"href":"https:\/\/www.xn--erzhler-7wa.net\/index.php?rest_route=%2Fwp%2Fv2%2Fcomments&post=2"}],"version-history":[{"count":6,"href":"https:\/\/www.xn--erzhler-7wa.net\/index.php?rest_route=\/wp\/v2\/pages\/2\/revisions"}],"predecessor-version":[{"id":87,"href":"https:\/\/www.xn--erzhler-7wa.net\/index.php?rest_route=\/wp\/v2\/pages\/2\/revisions\/87"}],"wp:attachment":[{"href":"https:\/\/www.xn--erzhler-7wa.net\/index.php?rest_route=%2Fwp%2Fv2%2Fmedia&parent=2"}],"curies":[{"name":"wp","href":"https:\/\/api.w.org\/{rel}","templated":true}]}}